et y = 46 - 43. Suppose -3*p + 0*p = 0, 2*h + y*p = -12. Is 2/4 + (-3)/h*2689 prime?
False
Suppose 0 = -422*g - 55*g + 516176487. Is g a prime number?
False
Suppose s = 4, -s - 1263 = -5*c - 9107. Let f = c + 2979. Is f a composite number?
True
Is 3/7 + (-95577)/4*408/(-1071) a prime number?
True
Let a(x) = 27*x**2 + 16*x - 111. Let o be (4/5)/((-324)/165 - -2). Is a(o) composite?
False
Let o(f) = f**3 + 35*f**2 + 38*f + 138. Let a be o(-34). Suppose a*m + 6577 = -3*c + 17023, 3*m - 6964 = -2*c. Is c prime?
False
Suppose -17 + 11 = f. Let n(m) = -m**3 - 6*m**2 + 3*m + 11. Let h be n(f). Let t(q) = 9*q**2 - 8*q - 6. Is t(h) composite?
False
Suppose 32 = -79*k + 83*k. Suppose -9*u = -k*u - 190. Let x = -71 + u. Is x a prime number?
False
Suppose -z + 79 = 18. Let c = 66 - z. Is 37*(-4 + c)/1 composite?
False
Suppose -w + 1649 = -506. Is w prime?
False
Let f = -393 - -4135. Suppose -11*r + f = -2825. Is r a prime number?
False
Let i = 283533 - 159752. Is i a prime number?
False
Let i = -23405 + 40944. Is i a composite number?
False
Let v(j) = 6*j**3 + 14*j**2 - 8*j - 8. Let d be v(9). Is 7 + (d/1 - -2) a prime number?
True
Let v = -432871 - -684788. Is v prime?
True
Let t = -933 + 513. Is ((-687)/2)/(90/t) + -6 composite?
False
Suppose -9*l + 51 + 21 = 0. Suppose 3*v - l = 7*v. Is -3*(v + 21/9*-83) a composite number?
False
Let v(d) = 13*d + 12. Let b be v(-3). Let t = 27 + b. Suppose t*w = 8*w - 18296. Is w prime?
True
Let k(i) be the second derivative of 13*i**3/6 + 4513*i**2/2 - 28*i. Let h(v) = -2*v + 10. Let l be h(5). Is k(l) a prime number?
True
Let p be (-2)/(-21) + (-28903338)/(-567). Is (-11)/((-66)/p) - 5 composite?
True
Let t = -12359 + 21129. Suppose 0 = 3*d + l - t, d + 3*d - 11690 = 2*l. Is d a prime number?
False
Let w(o) be the first derivative of o**3 + 3*o**2/2 - 4*o + 26. Let n be w(9). Is n + 3*3/(-9) a composite number?
True
Let r(t) = -t**2 - t + 3. Let b be r(-3). Let l be 0/(6/(-4)*(5 - 3)). Is l + -4 - b - -224 prime?
True
Let r = -9 - -18. Suppose -w - 2*w + r = 0. Suppose w*b - 422 - 160 = 0. Is b a prime number?
False
Let p be 30/(-20)*(-56)/6 + 0. Suppose -p*i = -12*i - 854. Let z = i - 140. Is z composite?
True
Let h be (3/9)/(7/42). Suppose -3*l + 9 = 2*p + h*l, 2*p = -2*l. Let f(d) = 41*d**2 - 6*d - 6. Is f(p) composite?
True
Let q = 861914 - 477555. Is q a composite number?
False
Suppose -850379 = -2*o - 12*o - 34053. Is o a prime number?
True
Let z = 19227 - -9896. Is z prime?
True
Suppose -263*i + 234*i + 1276493 = 0. Is i prime?
True
Suppose 51*x = 3*y + 55*x - 104923, -y + 3*x = -34996. Is y composite?
False
Let c = 80939 + 125462. Is c a prime number?
False
Suppose -3*j - 369 = -0*j. Let l = j - -262. Let z = l + 938. Is z a composite number?
True
Suppose -94*t + 92*t + 4*y = -1747822, 5*t - 4369603 = -2*y. Is t a composite number?
True
Suppose 4*p = -t + 1349559, 5*t + p = 5222513 + 1525149. Is t prime?
True
Let b = 4042 + 3355. Is b a prime number?
False
Let t be (10/(-25))/((-1)/(-15)). Let y be 0/(22/(-18) + t/(-27)). Suppose y = -5*q - 64 + 954. Is q prime?
False
Let u(g) = 8*g**2 + 10*g - 3. Let l be u(2). Is (-887)/(-7) - -2*7/l prime?
True
Let k = 26 + -23. Suppose -5*d = -4*x + 1, 2*d + 2*x = -k*d + 23. Is (-5 - -26)*37/d a prime number?
False
Is 2/20 - (2853645/(-50) + -16) composite?
False
Suppose -2231 = 7*n - 6438. Suppose -18*t - n + 4903 = 0. Is t prime?
True
Suppose 100*i - 98*i = -70548. Is (i/8)/(6/(-8)) prime?
True
Suppose 109*p - 2*p - 11482426 = 18697245. Is p a prime number?
True
Suppose 59*l - 66*l + 56 = 0. Suppose -l*t - 4*t = -48084. Is t a prime number?
True
Let p(m) = 72094*m**2 - 17*m + 71. Is p(2) a prime number?
True
Let r(g) = -71*g - 53. Let p(h) = 141*h + 107. Let c(w) = -6*p(w) - 13*r(w). Is c(40) composite?
True
Let i(n) be the third derivative of -n**6/120 + n**5/15 + n**4/4 - 3*n**3/2 - 12*n**2. Let s be i(5). Let k(b) = -2*b**3 - 5*b**2 - b - 5. Is k(s) prime?
True
Let p(m) = 254921*m + 7957. Is p(4) prime?
False
Suppose -33*s - 3324 - 3357 = -36*s. Is s a composite number?
True
Let y be (-2 + 7 + -5)/(-1). Suppose -5*z - 4*c = -6801, 3*c = -y - 3. Is z prime?
True
Suppose 2*k - 151950 = 8*v, 2*k + 2*v - 117879 - 34051 = 0. Is k a prime number?
True
Suppose -5*y + 407 = 4*f, 5*y + 158 = 3*f - 156. Let h = 73 - f. Is (-45)/h*1772/6 prime?
True
Let h(b) = -b**3 - 5*b**2 + 6*b. Let o be h(-6). Is (253754/9 - o) + 2/18 a prime number?
False
Suppose 2*w = -5*t + 31331, -4*w + 6*t - 7*t = -62707. Suppose -8*r + 90 + w = 0. Suppose 5*u = -y - 4*y + 9875, y - u - r = 0. Is y composite?
False
Suppose -7*p + 10*p + 1707115 = 5*o, 5*o - 5*p - 1707115 = 0. Is o a composite number?
False
Let u(d) = 21 + 6*d**2 + 34 + 4*d + 8*d + 2 + 8*d. Is u(11) composite?
True
Let c(x) = -1732*x**3 + x**2 - 49*x + 27. Is c(-5) a prime number?
False
Let y = 491114 - 277711. Is y prime?
False
Let w = 210000 + -96258. Suppose 25*r - w = 7*r. Is r prime?
False
Let w = 73 + 1411. Suppose -l = 3*l - w. Is l prime?
False
Let m = 4770 - 1972. Suppose -4*z - j + 2083 = -9193, z - m = 5*j. Is z composite?
True
Let u(m) = -m**3 - 40*m**2 + 7*m - 60. Let g(r) = 4*r + 1. Let b(q) = -3*g(q) - u(q). Is b(-34) composite?
False
Suppose -11*f + 1211 = -4*f. Suppose f - 3093 = -r. Suppose -3*n - 5*o = -336 - 4036, 2*n - 2*o = r. Is n a prime number?
True
Suppose 2*a - 5*t = -0*a + 3, -6 = 5*a + t. Let b be (-6)/9 - (-8)/(-12)*a. Suppose 0 = w + 3*v - b*v - 809, w - 781 = 4*v. Is w a prime number?
True
Suppose 4*q + 0*q - 10332 = 0. Suppose q = 3*j - 2421. Suppose -6297 + j = -3*y. Is y a prime number?
True
Let q be 4*(3 - 4) - -6. Let h = -24 - q. Is ((-773)/(-2))/(-2 - h/12) a composite number?
True
Let u = -6 + 43. Let w(h) = 2*h**2 - 79 - u*h**3 - 27*h**3 + 78. Is w(-2) a composite number?
True
Let b(v) = 44*v**2 + 57*v + 2860. Is b(-39) a composite number?
True
Let o(u) = u**2 - 5*u - 11. Let g be o(7). Suppose 3*c = -3*p + 4*p - 305, -g*p + 955 = c. Is p a prime number?
True
Let v = 139188 + -79915. Is v a composite number?
False
Suppose -17*g + 15*g = -10. Suppose 2124 = -4*b + b + 3*s, s = -g*b - 3534. Let n = -210 - b. Is n composite?
True
Let r(w) be the third derivative of 5*w**5/3 + 11*w**4/8 - 2*w**3 - 98*w**2. Is r(13) prime?
True
Let m = -439 + 433. Let c(a) = -24*a**3 - 8*a**2 + 6*a + 1. Is c(m) composite?
False
Suppose 138*v - 136*v = 5*l + 24192, v - 4*l = 12099. Is v a prime number?
False
Let o = -5782 + 11504. Suppose 10438 = -3*r - 1343. Let q = o + r. Is q composite?
True
Let p = -1643 + 2465. Suppose -6*s = -1152 - p. Suppose -34 = 5*n - s. Is n a composite number?
False
Let k(l) = -184*l**3 + 5*l**2 + 10*l - 103. Is k(-6) a composite number?
False
Let y be 2/(-27) - (-47850)/810. Suppose 0 = y*d - 57*d - 318. Is d composite?
True
Suppose 0 = 5*v - 40, -2*v - 784052 = -4*j - 198344. Is j a prime number?
False
Let f(h) = -320*h - 2401. Is f(-10) a prime number?
False
Is ((-360)/(-48) + -9)/((-1)/(110588/6)) prime?
True
Is ((-52)/(-12) - 4/(-6)) + 11625 + 65 a composite number?
True
Suppose -17*b + 21*b + 24 = 0. Let p(n) = -23*n**3 - 2*n**2 - 6*n - 1. Is p(b) prime?
True
Let w = 8476 + 33. Is w composite?
True
Let o be 2/(-14) + (-330)/(-105). Suppose o*f - 5*f = 0. Is 404 + (f - 2) + 1 a composite number?
True
Let x be (1 - 6) + 11 - -4. Suppose 2*o + 20 = x, -297 = -z - o. Is z a prime number?
False
Suppose -y + 7829 = 94. Is y + -1 + -4 + -3 a composite number?
False
Suppose -8*p + 5*p + 36 = 0. Let c = p + -3. Suppose c*t + 347 = 10*t. Is t a prime number?
True
Suppose -4*k + b = -1140142, 2*k + 29*b - 31*b - 570062 = 0. Is k a prime number?
False
Let m = 603 + -343. Suppose m*l = 259*l + 17773. Is l a prime number?
False
Let g(p) = -72*p - 284. Let q be g(-4). Suppose 94*v - 14237 = 93*v + 4*a, -q*a = 16. Is v a prime number?
True
Suppose 5*g - 23 - 16 = -3*j, -4*j = 2*g - 38. Is 6 + j + -9 + -1 + 5403 a composite number?
False
Suppose c - 4*d + 7 = 0, 8*c - 12*c = -5*d - 5. Suppose 0 = m - 0 + 4, c*m = 5*x - 29055. Is x composite?
False
Let j = -392 - -488. Let k = j - -197. Is k prime?
True
Let q(v) = 8 + 37 - 11 + 331*v + 25 + 47. Is q(15) composite?
True
Let a(m) = -m**3 - 17*m**2 - 18*m - 30. Let b be a(-16). Suppose -q + 107 = -5*p, -4*q + p + 533 = b*p. Suppose -3*c + q = 3*c. I